base 12) to base 8.
12575071
8849 (base 11) to base 12
6905
What is 10202002111 (base 3) in base 9?
122074
452426 (base 8) to base 4
211110112
46044 (base 14) to base 11
106957
What is -11111011100011000110 (base 2) in base 15?
-155447
Convert 312200012 (base 4) to base 10.
223238
What is 232002023 (base 4) in base 16?
2e08b
Convert -200121000122211 (base 3) to base 12.
-3386457
-1110011011010011011001 (base 2) to base 13
-a254a6
54074 (base 16) to base 12
147218
What is -1111111001010000100110 (base 2) in base 5?
-2031313234
What is 13d887 (base 14) in base 7?
5603630
Convert -139656 (base 10) to base 6.
-2554320
Convert -64652 (base 9) to base 14.
-11863
Convert -113011112 (base 4) to base 15.
-1d035
-1052014004 (base 6) to base 11
-6594945
What is -a5b59 (base 14) in base 13?
-110171
-2abdb (base 16) to base 13
-618b9
What is 112030122222 (base 4) in base 8?
26143252
What is 1100002111202 (base 3) in base 14?
146c81
Convert -1027302 (base 8) to base 9.
-457011
-90832 (base 11) to base 9
-222114
What is -806a5 (base 13) in base 3?
-102200000002
Convert -66393 (base 12) to base 15.
-2a16c
Convert -111222033331 (base 4) to base 5.
-2423144302
-153254636 (base 7) to base 9
-21312275
Convert 55341230 (base 6) to base 11.
a35578
What is -555748 (base 11) in base 4?
-3120103332
Convert 58845 (base 13) to base 14.
42d66
Convert -b16ba (base 14) to base 9.
-720236
What is -2603669 (base 13) in base 14?
-1816a72
-51234b (base 12) to base 13
-3556c4
1300812 (base 10) to base 4
10331211030
What is -436513 (base 16) in base 4?
-100312110103
Convert -361c0 (base 15) to base 12.
-83a16
Convert -2237a (base 13) to base 3.
-10011012220
What is -313320330 (base 5) in base 2?
-100111111001111000110
-22100101 (base 4) to base 16
-a411
What is 130321050 (base 6) in base 13?
6b1888
Convert 1d7da (base 16) to base 4.
131133122
Convert -222323130 (base 4) to base 14.
-4811a
Convert -15652550 (base 9) to base 8.
-35673275
What is -2512330 (base 6) in base 4?
-200232132
What is -1135041 (base 6) in base 13?
-21082
11010221120 (base 3) to base 8
237311
550304441 (base 6) to base 4
211131332221
Convert -1392226 (base 11) to base 14.
-462ac7
What is -8460 (base 9) in base 5?
-144320
-537748 (base 9) to base 14
-84bd0
What is -654360 (base 7) in base 4?
-123323220
Convert 13313034 (base 5) to base 13.
4981c
-1351146 (base 7) to base 8
-540425
Convert 10111101100010100001 (base 2) to base 8.
2754241
Convert b8e93 (base 15) to base 13.
177345
-42543235 (base 6) to base 16
-133187
-6634337 (base 8) to base 7
-21110154
43adc (base 15) to base 10
215082
What is 213423043 (base 5) in base 8?
3405516
Convert 189026 (base 12) to base 6.
13120050
Convert -24303040 (base 6) to base 2.
-10111100000111000000
What is -32330310 (base 5) in base 8?
-1034733
What is -56a22 (base 14) in base 13?
-74a9c
Convert -116663234 (base 7) to base 13.
-16c60c1
What is 12201 (base 15) in base 11?
3a49a
1414241 (base 5) to base 7
151325
3075720 (base 9) to base 11
a23582
What is -44497 (base 12) in base 16?
-161b3
Convert 147267 (base 12) to base 8.
1240257
Convert 4443210 (base 6) to base 12.
a9506
Convert -6032413 (base 8) to base 15.
-2150cd
Convert -1443430 (base 6) to base 2.
-10100011100101010
Convert 26034213 (base 7) to base 15.
319b43
-a22909 (base 13) to base 6
-212533212
Convert 1871227 (base 10) to base 12.
762a77
7db24 (base 14) to base 7
2415244
What is -10457741 (base 9) in base 12?
-183aa91
Convert 503571 (base 12) to base 5.
310001044
101021211202 (base 3) to base 15
40032
What is 1edde (base 15) in base 14?
28b4d
Convert 6133436 (base 8) to base 7.
16524165
Convert -6518241 (base 10) to base 13.
-1472b62
Convert 160110d (base 14) to base 2.
101001000010110100001001
What is -a618a (base 13) in base 10?
-299075
100101011111110100 (base 2) to base 6
3143020
Convert -50bb93 (base 12) to base 11.
-794346
What is 434da1 (base 14) in base 4?
20230230101
-4156244 (base 8) to base 12
-453604
What is -a2b0ab (base 12) in base 3?
-11210111110212
Convert 23323203 (base 4) to base 12.
24343
-11110000110011110010 (base 2) to base 8
-3606362
40654153 (base 8) to base 3
121012022202022
-3217234 (base 8) to base 13
-24147a
Convert 4204134000 (base 5) to base 15.
b616a0
What is 9108752 (base 11) in base 8?
75365654
-247346 (base 8) to base 6
-1500530
What is -1001110111110001100010 (base 2) in base 16?
-277c62
Convert -12121213042 (base 5) to base 11.
-8047a62
What is -72522 (base 14) in base 2?
-1000011001111010010
What is -311223203 (base 4) in base 3?
-102011121112
-1011240 (base 5) to base 13
-7640
Convert -5289 (base 16) to base 7.
-115413
17a42 (base 16) to base 3
11220211110
110111000111111001001 (base 2) to base 16
1b8fc9
What is 188dc (base 15) in base 10?
79632
Convert -11110101100110011 (base 2) to base 9.
-211438
1064dd (base 16) to base 8
4062335
10101011101010001111010 (base 2) to base 10
5624954
-77987 (base 13) to base 7
-1562321
What is -22087 (base 16) in base 10?
-139399
What is -2111221012 (base 4) in base 2?
-10010101101001000110
What is -38922b (base 12) in base 8?
-3425003
What is 2123025 (base 7) in base 3?
111002211220
What is -1406455 (base 8) in base 13?
-10b68b
edbd (base 15) to base 7
266542
34a4e1 (base 15) to base 7
30244531
Convert -2576a2 (base 11) to base 14.
-a7a98
Convert 11111010010000100001 (base 2) to base 6.
33545345
Convert -136013601 (base 7) to base 16.
-887d99
224507 (base 9) to base 5
13301143
-112011100122 (base 3) to base 4
-1010003102
What is 1c4d6 (base 14) in base 7?
420556
-9100 (base 12) to base 7
-63522
Convert -2c9355 (base 13) to base 5.
-240340133
Convert -4317310 (base 8) to base 10.
-1154760
Convert -151002024 (base 6) to base 15.
-41b51a
394608 (base 11) to base 15
c3eda
What is 1defa1 (base 16) in base 13?
538ca7
Convert -3058352 (base 9) to base 15.
-223dd5
What is -140244040 (base 5) in base 13?
-1bc348
What is 66842 (base 10) in base 8?
202432
3a6aa0 (base 11) to base 3
1012110100211
Convert -533023 (base 7) to base 6.
-1551124
Convert 25ccc1 (base 13) to base 6.
31331112
-78b8ca (base 15) to base 14
-a9d060
Convert 10033323 (base 4) to base 12.
a0a3
Convert -327bb (base 15) to base 7.
-1235366
-96b924 (base 13) to base 14
-68189b
Convert -50cf (base 16) to base 8.
-50317
What is 8211ba (base 13) in base 2?
1011100011101111100001
Convert 4334034 (base 5) to base 3.
10202212201
What is -3501611 (base 8) in base 12?
-39a549
What is 1455044 (base 9) in base 5?
201213002
-1220211112 (base 3) to base 7
-215111
What is -52001150 (base 6) in base 16?
-16c91a
Convert -1bb26 (base 12) to base 2.
-1010000110001110
-6a4e26 (base 16) to base 9
-14087613
Convert 1d180 (base 14) to base 3.
10210001102
-121011210100121 (base 3) to base 4
-200302331230
What is -46bca4 (base 13) in base 16?
-19adb3
-36801 (base 9) to base 3
-1020220001
What is 70b05 (base 12) in base 11?
a0281
Convert -bd2d9 (base 14) to base 2.
-1110000000001001111
What is 2364560 (base 7) in base 12?
126788
Convert -bd0f3 (base 16) to base 4.
-2331003303
20748075 (base 9) to base 15
d2b535
1312110221 (base 4) to base 9
817728
Convert 454231 (base 15) to base 9.
6186071
-754123 (base 9) to base 13
-1295a3
-154a43 (base 11) to base 8
-726305
636630 (base 13) to base 5
1043441201
Convert 1100000011011000 (base 2) to base 10.
49368
Convert 2000210 (base 6) to base 10.
93390
15654061 (base 7) to base 3
2212112100101
What is 6661 (base 12) in base 2?
10110000101001
Convert -1455020000 (base 6) to base 15.
-19413ac
13b8ac2 (base 14) to base 5
4423332131
1403411444 (base 5) to base 15
4a97b9
303243 (base 8) to base 12
49a57
Convert -1b4556 (base 14) to base 12.
-3aa900
10000001111000010101 (base 2) to base 4
2001320111
104231 (base 8) to base 13
12bbc
Convert -26ce9b (base 15) to base 9.
-3454062
What is 41245435 (base 6) in base 7?
13046450
What is b2756 (base 12) in base 11?
149859
2203976 (base 10) to base 13
5c2238
What is 2000000102021 (base 3) in base 10?
1063186
2b973 (base 15) to base 3
21010202000
What is 10110001001101011 (base 2) in base 9?
147412
Convert 211032413 (base 7) to base 10.
12478889
Convert -270663 (base 8) to base 4.
-113012303
-34c3c8 (base 13) to base 11
-788023
Convert 5104352 (base 10) to base 12.
1861aa8
Convert -310055214 (base 6) to base 11.
-3008906
Conver